{"id":154,"date":"2014-07-06T17:39:23","date_gmt":"2014-07-06T15:39:23","guid":{"rendered":"http:\/\/puvogel-recht.de\/wpcm\/?page_id=154"},"modified":"2023-09-11T14:54:45","modified_gmt":"2023-09-11T12:54:45","slug":"erbrecht","status":"publish","type":"page","link":"https:\/\/puvogel-recht.de\/?page_id=154","title":{"rendered":"Erbrecht"},"content":{"rendered":"<h1>Erbrecht<\/h1>\n<p><img loading=\"lazy\" decoding=\"async\" class=\"alignnone wp-image-104\" src=\"https:\/\/puvogel-recht.de\/wp-content\/uploads\/2014\/07\/linie.png\" alt=\"linie\" width=\"600\" height=\"1\" srcset=\"https:\/\/puvogel-recht.de\/wp-content\/uploads\/2014\/07\/linie.png 700w, https:\/\/puvogel-recht.de\/wp-content\/uploads\/2014\/07\/linie-150x1.png 150w, https:\/\/puvogel-recht.de\/wp-content\/uploads\/2014\/07\/linie-300x1.png 300w\" sizes=\"auto, (max-width: 600px) 100vw, 600px\" \/><\/p>\n<p>Wir beraten und vertreten Sie auf dem gesamten Gebiet des Erbrechts und der Verm\u00f6gensnachfolge. So k\u00f6nnen Sie bei uns, durch fr\u00fchzeitige und fachkundige Beratung bei der Gestaltung einer Ihren pers\u00f6nlichen W\u00fcnschen entsprechenden testamentarischen Verf\u00fcgung, die Angeh\u00f6rigen vor den Konsequenzen der gesetzlichen Erbfolge bewahren und sowohl Ihr Verm\u00f6gen, als auch den Familienfrieden nachhaltig sichern. Schwerpunkte unserer T\u00e4tigkeit sind:<\/p>\n<ul>\n<li>die Gestaltung von Testamenten und Erbvertr\u00e4gen,<\/li>\n<li>die Unterst\u00fctzung bei Regelungen zur lebzeitigen Verm\u00f6gens\u00fcbertragung, wie zum Beispiel durch Schenkungsvertr\u00e4ge,<\/li>\n<li>Beratung bei der Erstellung von Vollmachten und Patientenverf\u00fcgungen.<\/li>\n<\/ul>\n<p>Nach einem Todesfall stehen wir Ihnen in Ihrer Situation als Erbe, Pflichtteilsberechtigter oder Verm\u00e4chtnisnehmer in s\u00e4mtlichen Bereichen der Nachlassabwicklung zur Seite. Dazu geh\u00f6ren insbesondere:<\/p>\n<ul>\n<li>die Annahme oder Ausschlagung der Erbschaft,<\/li>\n<li>Erbenhaftung,<\/li>\n<li>Testamentsanfechtung und Testamentsauslegung,<\/li>\n<li>Durchsetzung bzw. Abwehr von Auskunfts-, Wertermittlungs- und Pflichtteilsanspr\u00fcchen,<\/li>\n<li>Auseinandersetzung von Erbengemeinschaften,<\/li>\n<li>Testamentsvollstreckung<\/li>\n<li>Verhandlungen mit Verm\u00f6gensverwaltern und Testamentsvollstreckern,<\/li>\n<li>Verwertung von Verm\u00f6gensgegenst\u00e4nden<\/li>\n<\/ul>\n","protected":false},"excerpt":{"rendered":"<p>Erbrecht Wir beraten und vertreten Sie auf dem gesamten Gebiet des Erbrechts und der Verm\u00f6gensnachfolge. So k\u00f6nnen Sie bei uns, durch fr\u00fchzeitige und fachkundige Beratung bei der Gestaltung einer Ihren pers\u00f6nlichen W\u00fcnschen entsprechenden testamentarischen Verf\u00fcgung, die Angeh\u00f6rigen vor den Konsequenzen der gesetzlichen Erbfolge bewahren und sowohl Ihr Verm\u00f6gen, als auch den Familienfrieden nachhaltig sichern. Schwerpunkte&#8230;<\/p>\n","protected":false},"author":1,"featured_media":279,"parent":0,"menu_order":0,"comment_status":"closed","ping_status":"closed","template":"","meta":{"_kad_post_transparent":"","_kad_post_title":"","_kad_post_layout":"","_kad_post_sidebar_id":"","_kad_post_content_style":"","_kad_post_vertical_padding":"","_kad_post_feature":"","_kad_post_feature_position":"","_kad_post_header":false,"_kad_post_footer":false,"footnotes":""},"class_list":["post-154","page","type-page","status-publish","has-post-thumbnail","hentry"],"_links":{"self":[{"href":"https:\/\/puvogel-recht.de\/index.php?rest_route=\/wp\/v2\/pages\/154","targetHints":{"allow":["GET"]}}],"collection":[{"href":"https:\/\/puvogel-recht.de\/index.php?rest_route=\/wp\/v2\/pages"}],"about":[{"href":"https:\/\/puvogel-recht.de\/index.php?rest_route=\/wp\/v2\/types\/page"}],"author":[{"embeddable":true,"href":"https:\/\/puvogel-recht.de\/index.php?rest_route=\/wp\/v2\/users\/1"}],"replies":[{"embeddable":true,"href":"https:\/\/puvogel-recht.de\/index.php?rest_route=%2Fwp%2Fv2%2Fcomments&post=154"}],"version-history":[{"count":4,"href":"https:\/\/puvogel-recht.de\/index.php?rest_route=\/wp\/v2\/pages\/154\/revisions"}],"predecessor-version":[{"id":293,"href":"https:\/\/puvogel-recht.de\/index.php?rest_route=\/wp\/v2\/pages\/154\/revisions\/293"}],"wp:featuredmedia":[{"embeddable":true,"href":"https:\/\/puvogel-recht.de\/index.php?rest_route=\/wp\/v2\/media\/279"}],"wp:attachment":[{"href":"https:\/\/puvogel-recht.de\/index.php?rest_route=%2Fwp%2Fv2%2Fmedia&parent=154"}],"curies":[{"name":"wp","href":"https:\/\/api.w.org\/{rel}","templated":true}]}}