{"id":127,"date":"2014-07-03T15:19:45","date_gmt":"2014-07-03T13:19:45","guid":{"rendered":"http:\/\/puvogel-recht.de\/wpcm\/?page_id=127"},"modified":"2025-12-29T12:43:48","modified_gmt":"2025-12-29T10:43:48","slug":"impressum","status":"publish","type":"page","link":"https:\/\/puvogel-recht.de\/?page_id=127","title":{"rendered":"Impressum"},"content":{"rendered":"<h1>Impressum<\/h1>\n<h3>Angaben gem\u00e4\u00df \u00a7 5 DDG:<\/h3>\n<p><img loading=\"lazy\" decoding=\"async\" class=\"alignnone wp-image-104\" src=\"https:\/\/puvogel-recht.de\/wp-content\/uploads\/2014\/07\/linie.png\" alt=\"linie\" width=\"600\" height=\"1\" srcset=\"https:\/\/puvogel-recht.de\/wp-content\/uploads\/2014\/07\/linie.png 700w, https:\/\/puvogel-recht.de\/wp-content\/uploads\/2014\/07\/linie-150x1.png 150w, https:\/\/puvogel-recht.de\/wp-content\/uploads\/2014\/07\/linie-300x1.png 300w\" sizes=\"auto, (max-width: 600px) 100vw, 600px\" \/><\/p>\n<p>Dr. Puvogel &amp; Partner Rechtsanw\u00e4lte PartGmbB<\/p>\n<p>Rechtsanw\u00e4lte und Notare<br \/>\nRechtsanwalt und Notar Thomas Puvogel (Partner)<br \/>\nRechtsanw\u00e4ltin und Notarin Doortje Jeddeloh (Partnerin)<br \/>\nRechtsanwalt Florian L\u00fccke (Partner)<br \/>\nRechtsanwalt und Notar a. D.\u00a0Bernd Puvogel (Partner)<\/p>\n<h3>Kontakt<\/h3>\n<p>Obernstra\u00dfe 49<br \/>\n28832 Achim<br \/>\nTel.: 04202 \/ 5 11 8-0<br \/>\nFax : 04202 \/ 5 11 8-11<br \/>\n<a href=\"mailtp:info@puvogel-recht.de\">info@puvogel-recht.de<\/a><\/p>\n<h3>Umsatzsteuer<\/h3>\n<p>Umsatzsteuer-Identifikationsnummer gem\u00e4\u00df \u00a7 27 a Umsatzsteuergesetz:<\/p>\n<p>USt-Id.Nr.: DE 116742172<\/p>\n<h3>Gesellschaft<\/h3>\n<p>Dr. Puvogel &amp; Partner PartGmbB ist eine Partnerschaftsgesellschaft mit beschr\u00e4nkter Berufshaftung nach Ma\u00dfgabe des Partnerschaftsgesetzes, eingetragen im Partnerschaftsregister des Amtsgerichts Hannover unter der Nummer PR100610. Die angegebenen Partner haben sich in der Form einer Partnerschaft zur dauerhaften Berufsaus\u00fcbung zusammengeschlossen.<\/p>\n<h3>Berufsbezeichnungen<\/h3>\n<p>Rechtsanw\u00e4lte und Notare<\/p>\n<p>Die gesetzlichen Berufsbezeichnungen lauten \u201eRechtsanwalt\u201c bzw. \u201eRechtsanw\u00e4ltin\u201c und \u201eNotar\u201c bzw. \u201eNotarin&#8220;.<\/p>\n<p>Die Berufsbezeichnungen wurden im Gebiet der Bundesrepublik Deutschland verliehen.<\/p>\n<h3>Aufsichtsbeh\u00f6rde und zust\u00e4ndige Kammer der Rechtsanw\u00e4lte<\/h3>\n<p>Die Rechtsanw\u00e4lte der Kanzlei Dr. Puvogel &amp; Partner PartGmbB sind nach dem Recht der Bundesrepublik Deutschland zugelassen und Mitglieder der Rechtsanwaltskammer Celle.<\/p>\n<p>Rechtsanwaltskammer Celle<br \/>\nBahnhofstra\u00dfe 5<br \/>\n29221 Celle<br \/>\nE-Mail: info@rakcelle.de<\/p>\n<p><a href=\"http:\/\/www.rakcelle.de\/\" target=\"_blank\" rel=\"noopener noreferrer\">http:\/\/www.rakcelle.de<\/a><\/p>\n<h3>Zust\u00e4ndige Notarkammer<\/h3>\n<p>Notarkammer f\u00fcr den Oberlandesgerichtsbezirk Celle<br \/>\nRiemannstra\u00dfe 15 a<br \/>\n29225 Celle<br \/>\nTelefon: (05141) 94 94 0<br \/>\nTelefax: (05141) 94 94 94<br \/>\nE-Mail:\u00a0info@celle-notarkammer.de<\/p>\n<h3>Zust\u00e4ndiger f\u00fcr die Dienstaufsicht der Notare<\/h3>\n<p>Pr\u00e4sident des Landgerichts Verden<br \/>\nJohanniswall 8<br \/>\n27283 Verden<\/p>\n<h3>Berufshaftpflichtversicherung<\/h3>\n<p>HDI Versicherung AG<br \/>\nHDI-Platz 1, 30659 Hannover<br \/>\nR\u00e4umlicher Geltungsbereich: Deutschland, Europ\u00e4isches Ausland<\/p>\n<h3>Berufsrechtliche Regelungen<\/h3>\n<p><strong><u>F\u00fcr den Rechtsanwaltsbereich gelten folgende Geb\u00fchren- und Berufsordnungen:<\/u><\/strong><br \/>\nBerufsordnung f\u00fcr Rechtsanw\u00e4lte (BORA)<br \/>\nFachanwaltsordnung (FAO)<br \/>\nBundesrechtsanwaltsordnung (BRAO)<br \/>\nRechtsanwaltsverg\u00fctungsgesetz (RVG)<br \/>\nBerufsregeln der Rechtsanw\u00e4lte der Europ\u00e4ischen Gemeinschaft (CCBE)<br \/>\nGesetz \u00fcber die T\u00e4tigkeit europ\u00e4ischer Rechtsanw\u00e4lte in Deutschland (EuRAG)<\/p>\n<p>Diese Texte sind abrufbar unter www.brak.de in der Rubrik &#8222;Berufsrecht\u201c. Die Wahrnehmung widerstreitender Interessen ist Rechtsanw\u00e4lten aufgrund berufsrechtlicher Regelungen untersagt (\u00a7 43a Abs. 4 BRAO). Vor Annahme eines Mandats wird deshalb immer gepr\u00fcft, ob ein Interessenkonflikt vorliegt.<\/p>\n<p><strong><u>F\u00fcr den Notariatsbereich gelten die folgenden berufsrechtlichen Regelungen:<\/u><\/strong><br \/>\nBundesnotarordnung (BNotO)<br \/>\nBeurkundungsgesetz (BeurkG)<br \/>\nGerichts- und Notarkostengesetz (GNotKG)<br \/>\nDienstordnung f\u00fcr Notarinnen und Notare (DONot)<br \/>\nNotAktVV (Rechtsverordnung \u00fcber die notariellen Akten und Verzeichnisse)<br \/>\nBerufsrechtliche Regelungen der Notarkammer Celle (<a href=\"http:\/\/www.celle-notarkammer.de\/\" target=\"_blank\" rel=\"noopener\">Notarkammer f\u00fcr den Oberlandesgerichtsbezirk Celle<\/a>)<\/p>\n<h3>Au\u00dfergerichtliche Streitschlichtung<\/h3>\n<p>Bei Streitigkeiten zwischen Rechtsanw\u00e4lten und ihren Auftraggebern besteht auf Antrag die M\u00f6glichkeit der au\u00dfergerichtlichen Streitschlichtung bei der regionalen Rechtsanwaltskammer Celle (gem\u00e4\u00df \u00a7 73 Abs. 2 Nr.3 i.V.m. \u00a7 73 Abs. 5 BRAO) oder bei der Schlichtungsstelle der Rechtsanwaltschaft (\u00a7 191 f BRAO) bei der Bundesrechtsanwaltskammer, im Internet zu finden \u00fcber die Homepage der Bundesrechtsanwaltskammer (<a href=\"http:\/\/www.puvogel-recht.de\/www.brak.de\">www.brak.de<\/a>), E-Mail: <a href=\"mailto:schlichtungsstelle@brak.de\">schlichtungsstelle@brak.de<\/a>.<\/p>\n<h3>Allgemeine Informationspflicht nach \u00a7\u00a7 36, 37 VSBG<\/h3>\n<p>Zust\u00e4ndige Verbraucherschlichtungsstelle:<br \/>\nF\u00fcr verm\u00f6gensrechtliche Streitigkeiten aus dem Mandatsverh\u00e4ltnis ist die Schlichtungsstelle der Rechtsanwaltschaft, Rauchstr. 26, 10787 Berlin, www.s-d-r.org, zust\u00e4ndig.<br \/>\nDie Rechtsanw\u00e4lte Dr. Puvogel &amp; Partner PartGmbB sind grunds\u00e4tzlich bereit, an Streitbeilegungsverfahren bei der Schlichtungsstelle der Rechtsanwaltschaft teilzunehmen.<\/p>\n<h3>Haftung f\u00fcr Inhalte<\/h3>\n<p>Als Diensteanbieter sind wir gem\u00e4\u00df \u00a7 7 Abs.1 TMG f\u00fcr eigene Inhalte auf diesen Seiten nach den allgemeinen Gesetzen verantwortlich. Nach \u00a7\u00a7 8 bis 10 TMG sind wir als Diensteanbieter jedoch nicht verpflichtet, \u00fcbermittelte oder gespeicherte fremde Informationen zu \u00fcberwachen oder nach Umst\u00e4nden zu forschen, die auf eine rechtswidrige T\u00e4tigkeit hinweisen.<\/p>\n<p>Verpflichtungen zur Entfernung oder Sperrung der Nutzung von Informationen nach den allgemeinen Gesetzen bleiben hiervon unber\u00fchrt. Eine diesbez\u00fcgliche Haftung ist jedoch erst ab dem Zeitpunkt der Kenntnis einer konkreten Rechtsverletzung m\u00f6glich. Bei Bekanntwerden von entsprechenden Rechtsverletzungen werden wir diese Inhalte umgehend entfernen.<\/p>\n<h3>Haftung f\u00fcr Links<\/h3>\n<p>Unser Angebot enth\u00e4lt Links zu externen Websites Dritter, auf deren Inhalte wir keinen Einfluss haben. Deshalb k\u00f6nnen wir f\u00fcr diese fremden Inhalte auch keine Gew\u00e4hr \u00fcbernehmen. F\u00fcr die Inhalte der verlinkten Seiten ist stets der jeweilige Anbieter oder Betreiber der Seiten verantwortlich. Die verlinkten Seiten wurden zum Zeitpunkt der Verlinkung auf m\u00f6gliche Rechtsverst\u00f6\u00dfe \u00fcberpr\u00fcft. Rechtswidrige Inhalte waren zum Zeitpunkt der Verlinkung nicht erkennbar.<\/p>\n<p>Eine permanente inhaltliche Kontrolle der verlinkten Seiten ist jedoch ohne konkrete Anhaltspunkte einer Rechtsverletzung nicht zumutbar. Bei Bekanntwerden von Rechtsverletzungen werden wir derartige Links umgehend entfernen.<\/p>\n<h3>Urheberrecht<\/h3>\n<p>Die durch die Seitenbetreiber erstellten Inhalte und Werke auf diesen Seiten unterliegen dem deutschen Urheberrecht. Die Vervielf\u00e4ltigung, Bearbeitung, Verbreitung und jede Art der Verwertung au\u00dferhalb der Grenzen des Urheberrechtes bed\u00fcrfen der schriftlichen Zustimmung des jeweiligen Autors bzw. Erstellers. Downloads und Kopien dieser Seite sind nur f\u00fcr den privaten, nicht kommerziellen Gebrauch gestattet.<\/p>\n<p>Soweit die Inhalte auf dieser Seite nicht vom Betreiber erstellt wurden, werden die Urheberrechte Dritter beachtet. Insbesondere werden Inhalte Dritter als solche gekennzeichnet. Sollten Sie trotzdem auf eine Urheberrechtsverletzung aufmerksam werden, bitten wir um einen entsprechenden Hinweis. Bei Bekanntwerden von Rechtsverletzungen werden wir derartige Inhalte umgehend entfernen.<\/p>\n","protected":false},"excerpt":{"rendered":"<p>Impressum Angaben gem\u00e4\u00df \u00a7 5 DDG: Dr. Puvogel &amp; Partner Rechtsanw\u00e4lte PartGmbB Rechtsanw\u00e4lte und Notare Rechtsanwalt und Notar Thomas Puvogel (Partner) Rechtsanw\u00e4ltin und Notarin Doortje Jeddeloh (Partnerin) Rechtsanwalt Florian L\u00fccke (Partner) Rechtsanwalt und Notar a. D.\u00a0Bernd Puvogel (Partner) Kontakt Obernstra\u00dfe 49 28832 Achim Tel.: 04202 \/ 5 11 8-0 Fax : 04202 \/ 5 11&#8230;<\/p>\n","protected":false},"author":1,"featured_media":273,"parent":0,"menu_order":0,"comment_status":"closed","ping_status":"closed","template":"","meta":{"_kad_post_transparent":"","_kad_post_title":"","_kad_post_layout":"","_kad_post_sidebar_id":"","_kad_post_content_style":"","_kad_post_vertical_padding":"","_kad_post_feature":"","_kad_post_feature_position":"","_kad_post_header":false,"_kad_post_footer":false,"footnotes":""},"class_list":["post-127","page","type-page","status-publish","has-post-thumbnail","hentry"],"_links":{"self":[{"href":"https:\/\/puvogel-recht.de\/index.php?rest_route=\/wp\/v2\/pages\/127","targetHints":{"allow":["GET"]}}],"collection":[{"href":"https:\/\/puvogel-recht.de\/index.php?rest_route=\/wp\/v2\/pages"}],"about":[{"href":"https:\/\/puvogel-recht.de\/index.php?rest_route=\/wp\/v2\/types\/page"}],"author":[{"embeddable":true,"href":"https:\/\/puvogel-recht.de\/index.php?rest_route=\/wp\/v2\/users\/1"}],"replies":[{"embeddable":true,"href":"https:\/\/puvogel-recht.de\/index.php?rest_route=%2Fwp%2Fv2%2Fcomments&post=127"}],"version-history":[{"count":23,"href":"https:\/\/puvogel-recht.de\/index.php?rest_route=\/wp\/v2\/pages\/127\/revisions"}],"predecessor-version":[{"id":813,"href":"https:\/\/puvogel-recht.de\/index.php?rest_route=\/wp\/v2\/pages\/127\/revisions\/813"}],"wp:featuredmedia":[{"embeddable":true,"href":"https:\/\/puvogel-recht.de\/index.php?rest_route=\/wp\/v2\/media\/273"}],"wp:attachment":[{"href":"https:\/\/puvogel-recht.de\/index.php?rest_route=%2Fwp%2Fv2%2Fmedia&parent=127"}],"curies":[{"name":"wp","href":"https:\/\/api.w.org\/{rel}","templated":true}]}}